on factor of 238 and 313656.
14
What is the highest common divisor of 481972 and 160792?
404
Calculate the greatest common factor of 517641 and 327.
327
What is the highest common factor of 19 and 631487401?
19
What is the highest common divisor of 2976 and 4736304?
1488
Calculate the highest common factor of 14202805 and 5115.
155
What is the highest common factor of 5271 and 233118258?
753
What is the greatest common divisor of 111157 and 8033?
29
What is the greatest common factor of 96341665 and 105?
35
Calculate the greatest common factor of 26334 and 30666.
114
Calculate the greatest common divisor of 2486 and 1201190.
226
What is the highest common factor of 34744 and 78578?
202
Calculate the highest common divisor of 1028 and 142187306.
514
Calculate the highest common divisor of 266082091 and 1441.
1441
What is the greatest common factor of 8867404 and 3276?
364
Calculate the greatest common factor of 516772971 and 1287.
1287
What is the highest common factor of 147121905 and 14469?
1113
Calculate the highest common factor of 1199404 and 44.
4
Calculate the greatest common factor of 214393511 and 37145.
7429
Calculate the greatest common factor of 266 and 1578881.
19
What is the highest common divisor of 102253728 and 1314?
438
Calculate the greatest common factor of 6851 and 5710107.
403
Calculate the greatest common divisor of 1879126 and 9342.
346
Calculate the greatest common factor of 1419495 and 323015.
385
Calculate the highest common divisor of 257930231 and 13.
13
Calculate the highest common divisor of 164581034 and 626.
626
Calculate the greatest common factor of 47215233 and 39.
39
Calculate the highest common divisor of 3704 and 422665292.
1852
Calculate the greatest common divisor of 2931339 and 4047.
57
What is the greatest common divisor of 2008686 and 1164942?
4794
What is the greatest common divisor of 18662 and 16838456?
2666
Calculate the highest common divisor of 478150 and 185420.
730
Calculate the greatest common divisor of 44415714 and 588.
42
Calculate the greatest common divisor of 2 and 37845334.
2
Calculate the highest common divisor of 946 and 289949.
473
Calculate the greatest common divisor of 135 and 20161620.
45
What is the greatest common divisor of 9635 and 45648703?
1927
What is the greatest common factor of 1352412 and 3132?
36
What is the highest common divisor of 3 and 30935703?
3
What is the highest common divisor of 9848904 and 1482?
78
What is the highest common divisor of 328938550 and 13345?
785
Calculate the greatest common divisor of 2259112 and 32.
8
What is the highest common divisor of 45 and 387561285?
45
What is the greatest common factor of 11711 and 323939?
49
What is the greatest common divisor of 8121 and 288725913?
8121
Calculate the highest common factor of 26126 and 45.
1
What is the greatest common factor of 17 and 1123807?
1
What is the greatest common divisor of 85 and 1054515338?
17
Calculate the highest common factor of 80480498 and 434.
14
Calculate the highest common factor of 5611868 and 346859.
5177
What is the highest common divisor of 381270 and 1116120?
2130
What is the highest common factor of 65785500 and 11?
11
Calculate the highest common factor of 3539807 and 3467.
3467
Calculate the highest common factor of 1344429492 and 25263.
8421
Calculate the highest common factor of 217 and 2475877.
31
Calculate the greatest common divisor of 29160886 and 283.
283
Calculate the highest common factor of 5719 and 1331197.
133
What is the highest common factor of 64588 and 82544?
268
What is the greatest common factor of 309 and 203708971?
103
What is the highest common divisor of 4264 and 334984?
104
What is the greatest common divisor of 75 and 17999985?
15
Calculate the greatest common divisor of 101864 and 166124.
476
What is the highest common divisor of 2067022 and 756159?
937
Calculate the greatest common factor of 121604 and 23519062.
1414
What is the highest common divisor of 10493226 and 542174?
4798
What is the greatest common divisor of 9750 and 95250?
750
Calculate the highest common factor of 598 and 9093292.
26
What is the greatest common divisor of 849 and 4739401?
283
What is the highest common factor of 1421 and 439495?
203
What is the highest common divisor of 95 and 19151221?
19
What is the highest common factor of 36872 and 3592424?
88
What is the greatest common divisor of 688114 and 29808?
46
What is the highest common factor of 98230 and 1045703?
893
What is the greatest common divisor of 304064 and 400?
16
Calculate the greatest common divisor of 1470 and 1099639870.
490
What is the highest common factor of 74 and 5911718?
2
What is the greatest common factor of 1106735 and 5833?
307
What is the highest common factor of 60237 and 29149740?
621
Calculate the greatest common factor of 216 and 3313816.
8
What is the highest common factor of 1054032 and 6216?
168
What is the highest common divisor of 26245 and 17719?
29
What is the greatest common factor of 123893 and 2051?
7
Calculate the greatest common divisor of 56700 and 1843800.
2100
Calculate the greatest common divisor of 9525726 and 62453.
3287
Calculate the highest common divisor of 432116640 and 800.
160
Calculate the highest common divisor of 23356701 and 7146.
3573
What is the greatest common factor of 970088 and 26656?
952
What is the highest common factor of 12419 and 9493?
11
What is the highest common factor of 4025131 and 22?
11
What is the greatest common factor of 312 and 145732184?
104
What is the greatest common factor of 9764 and 44899754?
4882
What is the greatest common factor of 7344 and 244656?
144
Calculate the highest common factor of 32373160 and 284.
284
What is the greatest common divisor of 96755598 and 7996?
3998
What is the highest common divisor of 11496749 and 457?
457
Calculate the greatest common factor of 206964 and 47556.
36
Calculate the greatest common divisor of 34 and 404333661.
17
What is the highest common divisor of 395 and 168845?
5
Calculate the greatest common divisor of 16151413 and 1057.
151
Calculate the highest common factor of 1775 and 16754425.
25
Calculate the highest common divisor of 13896553 and 253.
11
What is the highest common factor of 248559532 and 52?
52
Calculate the greatest common divisor of 6936 and 834564.
204
Calculate the highest common factor of 47514 and 2058.
6
Calculate the greatest common factor of 126 and 118176394.
14
What is the greatest common divisor of 50747 and 427257?
1637
What is the greatest common divisor of 330030 and 160190?
1930
What is the greatest common factor of 4439 and 6361280?
193
Calculate the highest common factor of 107153774 and 2366.
2366
What is the greatest common divisor of 6248 and 4601936?
568
Calculate the highest common factor of 39886 and 17325.
77
What is the highest common factor of 1763179 and 712?
89
Calculate the greatest common divisor of 117 and 45373536.
117
Calculate the greatest common factor of 804934040 and 244.
244
What is the greatest common factor of 7788785 and 8235?
305
What is the greatest common factor of 176 and 7518928?
16
What is the greatest common factor of 610026 and 144156?
1758
Calculate the highest common divisor of 68 and 3539596.
4
Calculate the highest common divisor of 1587927 and 132.
33
What is the greatest common divisor of 258155 and 15?
5
What is the greatest common factor of 42939 and 232284?
39
What is the greatest common divisor of 712 and 106410714?
178
What is the highest common divisor of 8675016 and 4872?
168
What is the highest common factor of 1089322 and 936?
26
What is the highest common factor of 211374796 and 4?
4
Calculate the greatest common factor of 2849125 and 581717.
991
Calculate the greatest common divisor of 184301 and 26.
13
What is the highest common factor of 1565750 and 90?
10
What is the highest common divisor of 8499847 and 2686?
1343
What is the greatest common divisor of 155 and 6706292?
31
Calculate the greatest common divisor of 29194912 and 69.
23
What is the greatest common factor of 396 and 129204372?
132
What is the greatest common factor of 59076728 and 16?
8
Calculate the greatest common factor of 703494 and 1543608.
198
What is the highest common divisor of 39 and 40456533?
39
Calculate the highest common divisor